What is the ten thousands digit of 14776?
1
What is the hundreds digit of 1060?
0
What is the units digit of 4012?
2
What is the units digit of 1375?
5
What is the hundreds digit of 883?
8
What is the hundreds digit of 555?
5
What is the tens digit of 2292?
9
What is the units digit of 7891?
1
What is the hundreds digit of 1105?
1
What is the tens digit of 712?
1
What is the ten thousands digit of 35958?
3
What is the units digit of 27983?
3
What is the hundreds digit of 2351?
3
What is the tens digit of 68545?
4
What is the ten thousands digit of 28711?
2
What is the hundreds digit of 1410?
4
What is the tens digit of 7759?
5
What is the units digit of 2962?
2
What is the thousands digit of 10107?
0
What is the tens digit of 2826?
2
What is the hundreds digit of 877?
8
What is the thousands digit of 3090?
3
What is the units digit of 972?
2
What is the thousands digit of 2960?
2
What is the units digit of 3248?
8
What is the hundreds digit of 604?
6
What is the thousands digit of 3973?
3
What is the hundreds digit of 3389?
3
What is the hundreds digit of 675?
6
What is the units digit of 313?
3
What is the thousands digit of 2399?
2
What is the hundreds digit of 11102?
1
What is the tens digit of 83728?
2
What is the hundreds digit of 29287?
2
What is the units digit of 616?
6
What is the hundreds digit of 4110?
1
What is the hundreds digit of 5133?
1
What is the units digit of 4968?
8
What is the units digit of 8906?
6
What is the thousands digit of 2707?
2
What is the tens digit of 4102?
0
What is the tens digit of 6558?
5
What is the thousands digit of 2352?
2
What is the thousands digit of 1018?
1
What is the ten thousands digit of 56096?
5
What is the hundreds digit of 41677?
6
What is the thousands digit of 140257?
0
What is the thousands digit of 9077?
9
What is the units digit of 666?
6
What is the tens digit of 1118?
1
What is the thousands digit of 23309?
3
What is the thousands digit of 1100?
1
What is the thousands digit of 57977?
7
What is the hundreds digit of 1613?
6
What is the units digit of 9182?
2
What is the hundreds digit of 4539?
5
What is the thousands digit of 9000?
9
What is the thousands digit of 27239?
7
What is the units digit of 13272?
2
What is the units digit of 776?
6
What is the units digit of 7779?
9
What is the tens digit of 1136?
3
What is the units digit of 1080?
0
What is the hundreds digit of 3906?
9
What is the tens digit of 36137?
3
What is the tens digit of 1657?
5
What is the units digit of 769?
9
What is the thousands digit of 1384?
1
What is the ten thousands digit of 39346?
3
What is the units digit of 603?
3
What is the hundreds digit of 391?
3
What is the hundreds digit of 11953?
9
What is the hundreds digit of 204?
2
What is the thousands digit of 2229?
2
What is the units digit of 6109?
9
What is the thousands digit of 2397?
2
What is the hundreds digit of 2694?
6
What is the hundreds digit of 13991?
9
What is the hundreds digit of 506?
5
What is the units digit of 41047?
7
What is the ten thousands digit of 24571?
2
What is the hundreds digit of 1374?
3
What is the units digit of 53?
3
What is the units digit of 778?
8
What is the tens digit of 18320?
2
What is the units digit of 1553?
3
What is the tens digit of 13554?
5
What is the units digit of 6407?
7
What is the hundreds digit of 42413?
4
What is the units digit of 1777?
7
What is the ten thousands digit of 16428?
1
What is the units digit of 2333?
3
What is the tens digit of 299?
9
What is the thousands digit of 32423?
2
What is the thousands digit of 1070?
1
What is the hundred thousands digit of 137552?
1
What is the hundreds digit of 1800?
8
What is the hundreds digit of 5269?
2
What is the hundreds digit of 5893?
8
What is the hundreds digit of 15049?
0
What is the tens digit of 398?
9
What is the hundreds digit of 593?
5
What is the tens digit of 1088?
8
What is the tens digit of 2441?
4
What is the thousands digit of 42932?
2
What is the ten thousands digit of 22270?
2
What is the thousands digit of 2803?
2
What is the tens digit of 630?
3
What is the units digit of 40431?
1
What is the tens digit of 794?
9
What is the units digit of 550?
0
What is the units digit of 8905?
5
What is the tens digit of 45961?
6
What is the tens digit of 3629?
2
What is the hundreds digit of 538?
5
What is the units digit of 3009?
9
What is the thousands digit of 7117?
7
What is the units digit of 1462?
2
What is the thousands digit of 5329?
5
What is the hundreds digit of 676?
6
What is the hundred thousands digit of 120184?
1
What is the tens digit of 394?
9
What is the thousands digit of 11936?
1
What is the units digit of 1635?
5
What is the ten thousands digit of 55455?
5
What is the units digit of 699?
9
What is the hundreds digit of 1116?
1
What is the tens digit of 99?
9
What is the tens digit of 17331?
3
What is the units digit of 200?
0
What is the thousands digit of 22851?
2
What is the thousands digit of 18703?
8
What is the hundreds digit of 63377?
3
What is the ten thousands digit of 10429?
1
What is the hundreds digit of 1671?
6
What is the hundreds digit of 6494?
4
What is the ten thousands digit of 26908?
2
What is the hundreds digit of 683?
6
What is the units digit of 59979?
9
What is the tens digit of 1780?
8
What is the tens digit of 4896?
9
What is the thousands digit of 9572?
9
What is the units digit of 562?
2
What is the thousands digit of 1088?
1
What is the units digit of 4788?
8
What is the units digit of 84556?
6
What is the units digit of 2665?
5
What is the thousands digit of 4690?
4
What is the units digit of 17236?
6
What is the hundred thousands digit of 115281?
1
What is the tens digit of 152?
5
What is the thousands digit of 1122?
1
What is the thousands digit of 3019?
3
What is the hundreds digit of 182?
1
What is the tens digit of 386?
8
What is the units digit of 16?
6
What is the hundreds digit of 48568?
5
What is the tens digit of 1042?
4
What is the units digit of 1477?
7
What is the tens digit of 399?
9
What is the hundreds digit of 16778?
7
What is the units digit of 175?
5
What is the tens digit of 220?
2
What is the hundreds digit of 5471?
4
What is the hundreds digit of 15643?
6
What is the thousands digit of 29443?
9
What is the tens digit of 2675?
7
What is the units digit of 728?
8
What is the tens digit of 51860?
6
What is the tens digit of 194?
9
What is the thousands digit of 7907?
7
What is the hundreds digit of 6615?
6
What is the thousands digit of 1998?
1
What is the tens digit of 806?
0
What is the hundreds digit of 21447?
4
What is the hundreds digit of 1982?
9
What is the thousands digit of 6594?
6
What is the thousands digit of 2290?
2
What is the hundreds digit of 39321?
3
What is the hundreds digit of 33615?
6
What is the tens digit of 2385?
8
What is the tens digit of 62758?
5
What is the tens digit of 2913?
1
What is the hundreds digit of 569?
5
What is the tens digit of 23872?
7
What is the tens digit of 647?
4
What is the units digit of 4500?
0
What is the tens digit of 196?
9
What is the hundreds digit of 2871?
8
What is the tens digit of 2758?
5
What is the units digit of 3?
3
What is the ten thousands digit of 13642?
1
What is the tens digit of 1954?
5
What is the thousands digit of 75457?
5
What is the ten thousands digit of 18533?
1
What is the hundreds digit of 30398?
3
What is the tens digit of 3849?
4
What is the hundreds digit of 380?
3
What is the tens digit of 17573?
7
What is the tens digit of 138957?
5
What is the hundreds digit of 121490?
4
What is the hundreds digit of 982?
9
What is the ten thousands digit of 61077?
6
What is the tens digit of 2257?
5
What is the hundreds digit of 4543?
5
What is the ten thousands digit of 97814?
9
What is the tens digit of 49529?
2
What is the tens digit of 5113?
1
What is the units digit of 378?
8
What is the tens digit of 7518?
1
What is the tens digit of 2045?
4
What is the tens digit of 116102?
0
What is the hundreds digit of 218?
2
What is the thousands digit of 5965?
5
What is the ten thousands digit of 21115?
2
What is the ten thousands digit of 21023?
2
What is the units digit of 24843?
3
What is the hundreds digit of 4558?
5
What is the units digit of 1226?
6
What is the units digit of 1386?
6
What is the thousands digi